{"id":9,"date":"2015-05-05T23:47:57","date_gmt":"2015-05-05T21:47:57","guid":{"rendered":"http:\/\/www.fotocultura.eu\/blogw\/?page_id=9"},"modified":"2015-05-10T14:38:25","modified_gmt":"2015-05-10T12:38:25","slug":"9-2","status":"publish","type":"page","link":"https:\/\/www.fotocultura.eu\/blogw\/","title":{"rendered":"HOME"},"content":{"rendered":"<p><a href=\"https:\/\/i0.wp.com\/www.fotocultura.eu\/blogw\/wp-content\/uploads\/2015\/05\/logo1.png\" data-rel=\"lightbox-image-0\" data-imagelightbox=\"0\" data-rl_title=\"\" data-rl_caption=\"\" title=\"\"><img data-recalc-dims=\"1\" loading=\"lazy\" decoding=\"async\" data-attachment-id=\"6\" data-permalink=\"https:\/\/www.fotocultura.eu\/blogw\/9-2\/logo\/\" data-orig-file=\"https:\/\/i0.wp.com\/www.fotocultura.eu\/blogw\/wp-content\/uploads\/2015\/05\/logo1.png?fit=450%2C338&amp;ssl=1\" data-orig-size=\"450,338\" data-comments-opened=\"1\" data-image-meta=\"{&quot;aperture&quot;:&quot;0&quot;,&quot;credit&quot;:&quot;&quot;,&quot;camera&quot;:&quot;&quot;,&quot;caption&quot;:&quot;&quot;,&quot;created_timestamp&quot;:&quot;0&quot;,&quot;copyright&quot;:&quot;&quot;,&quot;focal_length&quot;:&quot;0&quot;,&quot;iso&quot;:&quot;0&quot;,&quot;shutter_speed&quot;:&quot;0&quot;,&quot;title&quot;:&quot;&quot;,&quot;orientation&quot;:&quot;0&quot;}\" data-image-title=\"logo\" data-image-description=\"\" data-image-caption=\"\" data-medium-file=\"https:\/\/i0.wp.com\/www.fotocultura.eu\/blogw\/wp-content\/uploads\/2015\/05\/logo1.png?fit=300%2C225&amp;ssl=1\" data-large-file=\"https:\/\/i0.wp.com\/www.fotocultura.eu\/blogw\/wp-content\/uploads\/2015\/05\/logo1.png?fit=450%2C338&amp;ssl=1\" class=\"alignnone size-medium wp-image-6\" src=\"https:\/\/i0.wp.com\/www.fotocultura.eu\/blogw\/wp-content\/uploads\/2015\/05\/logo1.png?resize=300%2C225\" alt=\"logo\" width=\"300\" height=\"225\" srcset=\"https:\/\/i0.wp.com\/www.fotocultura.eu\/blogw\/wp-content\/uploads\/2015\/05\/logo1.png?resize=300%2C225&amp;ssl=1 300w, https:\/\/i0.wp.com\/www.fotocultura.eu\/blogw\/wp-content\/uploads\/2015\/05\/logo1.png?w=450&amp;ssl=1 450w\" sizes=\"auto, (max-width: 300px) 100vw, 300px\" \/><\/a><\/p>\n<p>&nbsp;<\/p>\n<p>Benvenuti nel blog FOTOCULTURA.<br \/>\nLo scopo di queste pagine \u00e8 quello di proporvi argomenti di qualit\u00e0 elevata, che tocchino i vari aspetti della fotografia, innescando un sano e corretto dibattito.<br \/>\nUna seconda finalit\u00e0, ma non certo meno importante, \u00e8 di mettervi a disposizione articoli, recensioni e molto altro materiale selezionato e di qualit\u00e0, che investa le molteplici sfaccettature della fotografia, attraverso la navigazione di una sezione parallela del sito.<br \/>\nSperando di esservi utili e di guadagnarci il vostro apprezzamento, vi auguriamo buona navigazione.<\/p>\n<p>Lo staff<\/p>\n","protected":false},"excerpt":{"rendered":"<p>&nbsp; Benvenuti nel blog FOTOCULTURA. Lo scopo di queste pagine \u00e8 quello di proporvi argomenti di qualit\u00e0 elevata, che tocchino i vari aspetti della fotografia, innescando un sano e corretto dibattito. Una seconda finalit\u00e0, ma non certo meno importante, \u00e8 di mettervi a disposizione articoli, recensioni e molto altro materiale selezionato e di qualit\u00e0, che [&hellip;]<\/p>\n","protected":false},"author":1,"featured_media":0,"parent":0,"menu_order":0,"comment_status":"open","ping_status":"open","template":"template-blog1col.php","meta":{"_bbp_topic_count":0,"_bbp_reply_count":0,"_bbp_total_topic_count":0,"_bbp_total_reply_count":0,"_bbp_voice_count":0,"_bbp_anonymous_reply_count":0,"_bbp_topic_count_hidden":0,"_bbp_reply_count_hidden":0,"_bbp_forum_subforum_count":0,"_monsterinsights_skip_tracking":false,"_monsterinsights_sitenote_active":false,"_monsterinsights_sitenote_note":"","_monsterinsights_sitenote_category":0,"jetpack_post_was_ever_published":false,"footnotes":""},"class_list":["post-9","page","type-page","status-publish","hentry"],"jetpack_sharing_enabled":true,"jetpack_shortlink":"https:\/\/wp.me\/P68m6U-9","jetpack-related-posts":[],"jetpack_likes_enabled":true,"_links":{"self":[{"href":"https:\/\/www.fotocultura.eu\/blogw\/wp-json\/wp\/v2\/pages\/9","targetHints":{"allow":["GET"]}}],"collection":[{"href":"https:\/\/www.fotocultura.eu\/blogw\/wp-json\/wp\/v2\/pages"}],"about":[{"href":"https:\/\/www.fotocultura.eu\/blogw\/wp-json\/wp\/v2\/types\/page"}],"author":[{"embeddable":true,"href":"https:\/\/www.fotocultura.eu\/blogw\/wp-json\/wp\/v2\/users\/1"}],"replies":[{"embeddable":true,"href":"https:\/\/www.fotocultura.eu\/blogw\/wp-json\/wp\/v2\/comments?post=9"}],"version-history":[{"count":0,"href":"https:\/\/www.fotocultura.eu\/blogw\/wp-json\/wp\/v2\/pages\/9\/revisions"}],"wp:attachment":[{"href":"https:\/\/www.fotocultura.eu\/blogw\/wp-json\/wp\/v2\/media?parent=9"}],"curies":[{"name":"wp","href":"https:\/\/api.w.org\/{rel}","templated":true}]}}